ose -2*s + 0*s = -34. Suppose 0 = 3*c - b - 101, 0*c = c - 4*b - 41. Calculate the remainder when (1 - 2/1) + c is divided by s.
15
Suppose 0*d + 6*d = 8*d. Suppose -5*j + 150 = -d*j. Calculate the remainder when j is divided by 17.
13
Let q be -2 + (-1 - -3) - -116. What is the remainder when ((-57)/(-38))/(2/q) is divided by 6?
3
Let b(y) = 33*y - 12*y - 16*y + 0 + 3 - 12*y. Suppose 3*d + 5*z - 1 = 3, 12 = -d + 5*z. What is the remainder when 66 is divided by b(d)?
15
Suppose 7*a - 808 = -a. Calculate the remainder when a is divided by 57.
44
Let k = 472 - 470. What is the remainder when k is divided by 1?
0
Suppose 8*y - 6*y = 156. What is the remainder when 151 is divided by y?
73
Let x(w) = w**2 + 13*w + 7. Let m be x(-13). Suppose -4*v = m - 11. Calculate the remainder when (2 - 4)*v - -20 is divided by 10.
8
Suppose 187 = -m + 260. Calculate the remainder when 254 is divided by m.
35
Let o(l) = -2*l**3 - 58*l**2 - l - 13. Calculate the remainder when 62 is divided by o(-29).
14
Suppose r + 0*r = 115. Let m = r - 23. Suppose 5*y - y - m = 0. Calculate the remainder when y is divided by 13.
10
Let m = 32 - 16. Let g = 46 - 32. Let t = g + m. What is the remainder when t is divided by 11?
8
Let c(p) be the first derivative of -p**4/4 + 8*p**3/3 + 10*p + 1. What is the remainder when c(8) is divided by 4?
2
Suppose -3*x + 15 = 0, 188 = 4*u + x + 3*x. Suppose 0 = 6*s - u - 18. Suppose 0*z - 2*z = -12. Calculate the remainder when s is divided by z.
4
Suppose 4*l = 2*l + 8. Calculate the remainder when 47 is divided by ((-6)/l)/((-12)/200).
22
Let g(u) = 3*u**2 + 5*u - 15. Suppose -v + 3 - 1 = t, -t + 3*v + 14 = 0. What is the remainder when g(4) is divided by t?
3
Let b be 1/((-22)/(-260)) - (-22)/121. Let t = -7 + b. Calculate the remainder when 42 is divided by t.
2
Let p(h) = 4*h + 3. Let u be p(0). Calculate the remainder when 103 is divided by -2*(u - 4) + -1 - -14.
13
Suppose 3*v - 4*b - 87 = 54, 0 = -4*v - 4*b + 160. What is the remainder when v is divided by 11?
10
Let i(u) = u**3 - 7*u**2 + 6*u + 4. Let g be i(6). Suppose g*h - 10 = 10. Let b(p) = 3*p + 10. Calculate the remainder when 47 is divided by b(h).
22
Let g = -23 + 21. Let h = 22 + -8. Calculate the remainder when (g - -46 - 3)*1 is divided by h.
13
Let u(d) = -4*d**2 + 5*d + 2. Let l be u(2). Calculate the remainder when 61 is divided by ((-21)/(-6) + l + 1)*26.
9
Let q(y) = y**2 + 9*y + 4. Suppose -6 = 4*j - 6*j. Suppose -37 = 4*w + g, j*w + 4*g - g = -21. Calculate the remainder when 24 is divided by q(w).
10
Let o(u) be the second derivative of -u**3/3 + u. Let c(m) = -m + 6. Let j be c(10). Calculate the remainder when 29 is divided by o(j).
5
Let j(b) = 16*b - 8. Calculate the remainder when 164 is divided by j(2).
20
Suppose -19*s = -469 - 348. Calculate the remainder when 153 is divided by s.
24
Let j = -652 - -782. Let y(z) = 4*z - 6. Calculate the remainder when j is divided by y(7).
20
Let z(l) be the second derivative of -l**3/2 + l**2 - 3*l. Suppose 4*t = 3*t - v + 64, 4 = -v. Calculate the remainder when t is divided by z(-4).
12
Let s = 198 - 330. Let x = -16 - s. What is the remainder when x is divided by 24?
20
Let i = -1183 + 1596. Calculate the remainder when 832 is divided by i.
6
Suppose 18*v - 77 = -5*z + 20*v, -2*z + 30 = -v. What is the remainder when 101 is divided by z?
16
Suppose -4634 - 868 = -14*i. What is the remainder when i is divided by 9?
6
Let v be -17*7/(-35) + (-2)/5. Suppose -v*m + 8*m = 50. Calculate the remainder when 38 is divided by m.
8
Let h(w) = w**2 - 9*w + 6. Let g be h(6). Let f = 85 + -51. What is the remainder when f is divided by 8/48 + (-142)/g?
10
Suppose -10*h = -5*h - 25. Let t = -14 - -29. Calculate the remainder when 3 is divided by 3/h + 6/t.
0
Suppose 0 = -39*b + 1233 + 1380. Calculate the remainder when b is divided by 59.
8
Let z = 730 - 703. Suppose -2*k + 5*k - 3 = 0. What is the remainder when (51 + 1/k)*2 is divided by z?
23
Let m(r) = r**3 - 6*r**2 - 4*r - 10. Suppose -9*y + 268 = 70. What is the remainder when m(8) is divided by y?
20
Let d(s) = s**3 - 8*s**2 + 16*s. What is the remainder when 18 is divided by d(5)?
3
Let v(n) = -n**3 + 6*n**2 + 9*n + 4. What is the remainder when v(7) is divided by 13?
5
Suppose 0 = p - 4*v, -3*p + 3*v = -7*p - 38. Let s(b) = -b + 10. Calculate the remainder when 48 is divided by s(p).
12
Let w(b) = -b**3 - 7*b**2 + 29*b + 41. What is the remainder when w(-10) is divided by 9?
6
Suppose a - 9 = -4*q, 4*q + 4*a + 0*a = 12. Suppose 45 = q*o - 5*v, -6*o - 4*v + 30 = -o. Calculate the remainder when -4 - (-3 - (3 - -36)) is divided by o.
8
Suppose 0*v - 89 = -v + 3*z, -2*v + 2*z + 198 = 0. Suppose -4*g - 4*f = -2*g - 44, v = 5*g + 4*f. Calculate the remainder when 58 is divided by g.
18
Suppose 1877 = 10*z + 137. What is the remainder when z is divided by 53?
15
Let y be 4 + -5 + 340 - -2. Let s = y - 195. Calculate the remainder when (-2)/(4 - 588/s) is divided by 37.
36
Suppose 10 = n - 0. Suppose -6*x - n = -11*x. Suppose -5*w + 100 + 20 = 5*u, 106 = 5*u - x*w. Calculate the remainder when u is divided by 14.
8
Let i = 643 + -603. Calculate the remainder when 56 is divided by i.
16
Let z be 972/(-22) + (-14)/(-77). Let c = z + 70. Calculate the remainder when 98 is divided by c.
20
Suppose 232 + 74 = 6*d. What is the remainder when 62 is divided by d?
11
Let o = -300 - -359. Calculate the remainder when 235 is divided by o.
58
Let b be (0 - (-1 + 0)) + -61. Let d = -25 - b. What is the remainder when 67 is divided by d?
32
Let v be (2/3)/((-18)/(-81)). Suppose -v*p + 139 = 4*o, -p + 3*o + 58 = 2*o. What is the remainder when p is divided by 11?
9
Suppose -57 = -6*h - 9. Suppose -5*b + h*b = 165. What is the remainder when b is divided by 19?
17
Suppose 26*k - 2912 = 12*k. What is the remainder when k is divided by 21?
19
Let p(q) = q - 2. Let t be p(7). Suppose -4*v - 5 = -o, -3*v - t = -2*o + o. Suppose v = -a + 11 + 1. What is the remainder when a is divided by 3?
0
Suppose 4*q - 1 = 7. Let h be 3423/28 + q/(-8). Calculate the remainder when 93 is divided by 9/6 + h/4.
29
Suppose -2*l - 20 = -4*l. Let u(k) = k**2 + 11*k - 9. Calculate the remainder when l is divided by u(-12).
1
Let l be ((-8)/10)/(4/(-10)). Suppose l*d + 34 = 4*d + 2*o, o + 73 = 5*d. What is the remainder when d is divided by 6?
3
Let a(j) = 7*j**2 + 20*j - 9. Calculate the remainder when 122 is divided by a(-4).
7
Let v = 2148 + -2130. What is the remainder when 19 is divided by v?
1
Suppose -5*n + 4*l = -220 - 205, 4*n = 3*l + 340. Let d = n - -11. What is the remainder when d is divided by 14?
12
Let q(p) = p - 9. Let t be q(11). Suppose 0 = 3*j + 4*f - 130, -f = -t*j - 2*f + 80. Calculate the remainder when j is divided by 10.
8
Calculate the remainder when 58 is divided by (-12)/8*(-336)/36.
2
Let j(y) = 2*y**2 + 6*y + 150. What is the remainder when j(0) is divided by 85?
65
Suppose -26 = -i - 5*r, 8*i - 5*r - 220 = 3*i. Calculate the remainder when 243 is divided by i.
38
Let i be (-158)/(-4) - 3/(-6). Suppose 2*c = 10, 3*t + 0*t = -2*c + i. What is the remainder when 27 is divided by t?
7
What is the remainder when (((-310)/6)/(-5))/((-8)/(-24)) is divided by 20?
11
Suppose 0 = -a - 4, 20 = 4*k + 3*a - 56. Calculate the remainder when 225 is divided by k.
5
Let d = -1087 + 1442. Calculate the remainder when d is divided by 24.
19
Calculate the remainder when 177 is divided by 37*(2/(-10) - (-36)/30).
29
Calculate the remainder when (-8 + (-30)/7)*14/(-4) is divided by 12.
7
Calculate the remainder when 2880/10 - (-1)/((-4)/8) is divided by 24.
22
Suppose 5*w + 3 = 5*n + 48, -5*w = n - 27. Calculate the remainder when (-8)/24 + 134/w is divided by 12.
10
Calculate the remainder when 606 is divided by (-2 - 25/(-20))/(15/(-200)).
6
Let m(g) = -g**3 - g**2 + g. Let k(j) = -5*j**3 - 12*j**2 + 3*j + 7. Let c(i) = -k(i) + 6*m(i). Calculate the remainder when 28 is divided by c(6).
6
Let l(k) = 4*k + 12. Suppose -3*c = -29 + 8. Let t = -9 + 30. Calculate the remainder when l(c) is divided by t.
19
Suppose -4*j = -3*n - 105, -55*j + n + 85 = -52*j. What is the remainder when 87 is divided by j?
27
Suppose 11*g - 107 = 36. Suppose -o + 31 + 6 = 0. Calculate the remainder when o is divided by g.
11
Ca